1
Suppose -41*z - 720 = -101*z. Let k(c) = c**2 - 9*c - 16. What is k(z)?
20
Let i(a) = -38*a**3 - 2*a**2 + a. Let w be (-22 + -2)/(-4) - (4 + 1). Calculate i(w).
-39
Let u(k) be the second derivative of -k**3/2 - 9*k**2/2 - 2*k + 155. What is u(-9)?
18
Let u(o) = -o**2 - 4*o + 4. Let b = 59 + -100. Let l = b - -35. Determine u(l).
-8
Let i(m) be the first derivative of 11*m**4/4 - m**3/3 + m + 3. Suppose 3*v + 6 + 36 = 0. Let k = v - -15. Determine i(k).
11
Let g be 0 - 8/2*-1. Let y(i) = -g*i + 0*i + 3 - 4*i + 3*i. Let p(d) = -2*d - 6. Let h be p(-4). Give y(h).
-7
Let a(z) = z**3 - z**2 - 2*z + 1. Let c(d) = -d**3 - 9*d**2 - 4*d + 30. Let n be c(-8). Determine a(n).
-7
Suppose -2*d + 2 = -2*c - 4, 2*c - 4*d = -16. Let s(i) = -5 + 9 + c*i + 4*i**2 + 2*i**3 - 3*i**3. Give s(5).
-11
Let l(t) = t**2 + 3*t - 6. Let d be l(-5). Suppose -3*c + 3*q = -9, 2*q = -d*c - 0*c + 6. Let y(f) = -c*f**3 - 3*f**3 + 4*f**3. Give y(2).
-8
Let a(b) = -4*b + 52. Let l(p) = -2*p + 21. Let o(j) = -3*a(j) + 7*l(j). Calculate o(-6).
3
Let x(l) = 3628 + 2*l - 3628. Suppose -5*p + 14 = 2*z - 0*z, -4*z + 3*p = -28. Let d = -4 + z. Give x(d).
6
Let l(r) = r**2 + 4*r - 4. Let t = -23 - -6. Let z = t - -12. Determine l(z).
1
Let l(x) be the first derivative of -3*x**2/2 - x + 2. Let i(o) = o - 1. Let b be i(5). Suppose -m + 2*h = 3*h + 6, 2*m - b*h - 18 = 0. Determine l(m).
2
Let f(x) = x**3 + 22*x**2 - x - 22. Let j be f(-22). Let q(c) = -4*c**3 - c**2 + c + 7. Let z(h) = h**3 + 1. Let p(a) = -q(a) - 3*z(a). Give p(j).
-10
Let y(i) be the first derivative of 3*i**2/2 - 5*i - 347. Suppose -6*h = -z - h - 8, 22 = 4*z - 2*h. Determine y(z).
16
Let k(d) = -d**2 - d + 1. Let v(c) = -6*c + 4. Let q(w) = -k(w) + v(w). Let j = -21 + 26. Calculate q(j).
3
Let i(q) = -q**2 + 22*q - 5. Let v = -1190 + 1212. Determine i(v).
-5
Let l(c) = -c**2 - 5*c - 3. Let w = 7 - 2. Let k be w/((-75)/47) + (-4)/(-30). What is l(k)?
3
Let x(g) be the second derivative of g**3/6 + 7*g**2/2 + g - 9. Let v = -48 + 44. Give x(v).
3
Let h(o) = -o**3 - 7*o**2 - o - 3. Let v be h(-7). Let m(f) = -2*f - 4*f + 5*f**2 + 4 - 4*f**2 + 0*f**2. Calculate m(v).
-4
Let z(a) be the third derivative of 0*a + 2/3*a**3 - 4*a**2 + 0 + 1/12*a**4. Suppose 0 = 5*l + 5*t - 50, 0 = -2*l - l + 3*t + 6. Give z(l).
16
Let t(c) = c - 6. Let p(o) = 4*o - 20. Let j(a) = 3*a - 1. Let l be j(-3). Let m(i) = l*t(i) + 3*p(i). Calculate m(-4).
-8
Let m(u) = u**3 + 10*u**2 + 26*u + 15. Let r be m(-6). Let j(n) = -6*n + 4. Give j(r).
-14
Suppose 2 = -p + 6. Let d(f) = -6*f - 5*f + 7*f + 4 + f**2. Give d(p).
4
Let z be (6*-1)/((-38)/95). Let x(v) = -2*v + 34. What is x(z)?
4
Let s(j) be the third derivative of 0*j - 1/6*j**3 - 1/12*j**5 + 1/120*j**6 + 0 - 13*j**2 + 1/24*j**4. What is s(4)?
-13
Let q(y) be the third derivative of 1/6*y**3 + 4*y**2 + 3*y + 1/24*y**4 + 0. Give q(-7).
-6
Let u(x) = x**3 - 10*x**2 + 10*x + 2. Let k be 9/(-2)*(21 - 23). Give u(k).
11
Let s(q) = -q**3 - 3*q**2 - 2*q - 3. Suppose 0 = f - 4*t - 95, -f - 3*f = 3*t - 323. Suppose -f*z + 85*z + 6 = 0. Calculate s(z).
3
Let z(g) be the first derivative of -g**3 - g**2/2 - 15. Let b(d) = d**2 + 4*d + 2. Let m(s) = -2*s + 5. Let w be m(4). Let o be b(w). Calculate z(o).
-2
Let v(g) = -g**3 + 8*g**2 + 10*g. Suppose 0 = -2*f + q + 13, 5*q = 8*f - 6*f + 7. Determine v(f).
9
Let b = -33 - -45. Suppose 19*c - b*c = -42. Let q(u) = u**3 + 5*u**2 - 5*u + 6. Give q(c).
0
Let u(o) = -o**2 + 5*o + 4. Let p = 18 - 15. Let g(i) = 3 + 2 - p*i + 9*i. Let s(f) = 4*g(f) - 5*u(f). Calculate s(1).
4
Suppose 2*k - 5*n + 35 = -0*k, -2*k - 2*n = 0. Let m(t) be the first derivative of -t**4/4 - 7*t**3/3 - 5*t**2/2 + 4. What is m(k)?
-25
Let u be (-4)/(-8) - 18/(-4). Let k(l) be the first derivative of -l**4/4 + 2*l**3 - 3*l**2/2 - 4*l - 1453. Calculate k(u).
6
Let v(f) = f**3 - 4*f**2 + 16*f - 30. Let c(b) = b**3 - 3*b**2 + 13*b - 30. Let z(l) = -5*c(l) + 4*v(l). Give z(0).
30
Let o(p) = p**3 + 10*p**2 + 8*p + 8. Suppose 0 = -11*j - 41 - 58. Determine o(j).
17
Let l = -259 + 259. Let z(s) be the second derivative of 6*s - 1/3*s**3 + l + 1/20*s**5 + 1/6*s**4 + 3/2*s**2. Calculate z(-3).
0
Let i(l) = -12*l + 2. Suppose 2*y - 29 = -33, 10 = 2*n - 4*y. What is i(n)?
-10
Let q(r) = -8*r - 1. Let o(f) = f + 1. Let w(j) = -4*o(j) - q(j). Suppose 3*k = -a, a - k = -0*a. Let t = 4 - a. Calculate w(t).
13
Let m(v) be the second derivative of -v**3/6 - v**2 + 1585*v. Let c = -2 + -3. Calculate m(c).
3
Let d(z) be the second derivative of z**3 + 31*z**2/2 - 79*z + 3. What is d(-6)?
-5
Let p(n) = n**2 - 2. Suppose 11 - 35 = -3*w. Let f be 4*1/w - 1/2. Calculate p(f).
-2
Let u(j) = 33 + 25 - 59 + 2*j - 3*j. Calculate u(-6).
5
Let j(k) = 3*k - 8 - 13*k + 56*k**2 - 104*k**2 + 46*k**2. Give j(-7).
-36
Suppose 0 = 5*q + 10, 0 = 3*d - 6*q + q - 13. Let k(z) = z**2 - d - 2 - 7*z + z. Let j be k(7). Let o(f) = -2*f**2 + 5*f + 3. Calculate o(j).
-9
Let f = 973 - 979. Let o(c) = c**3 - 7*c + 2*c - 5 + 5*c**2 - 3*c. What is o(f)?
7
Suppose -3*t + r + 46 = 0, -t - 34 = -2*t + 5*r. Suppose -1 = 5*j + t. Let q(z) = z**2 + 0*z**2 - 2*z**2 + 4 + 2*z. Calculate q(j).
-11
Let n = 338 + -338. Let u(w) = -w + 2. What is u(n)?
2
Suppose -3*v + 3*m = 8*m - 2, 4*v = -m + 14. Let h(x) = 21 - v*x**2 - 9 + 5*x**2. Suppose 4*j + 38*w - 20 = 34*w, -4*j = -2*w + 10. Give h(j).
12
Let z(h) = -7*h**3 + 10*h**2 + 5*h + 1. Let k(o) = -2*o**3 + o**2 + o + 1. Let i(a) = 4*k(a) - z(a). Calculate i(-2).
-11
Let x(b) = -7521*b + 4*b**2 + 7 - 3*b**2 + 7521*b. Let w be (-1 - 0) + (-2)/(-2). Give x(w).
7
Let h = -7 + 9. Suppose -10 = -2*v - 2*a, 0*a = 2*v - 2*a + h. Let l(m) = -4 - m + v + 4. Determine l(6).
-4
Suppose -2*v + s + 18 = 0, 4*s = -2*v + 7 + 11. Let d(l) = -v*l - 3 - 2 - 7 + 11. Give d(-1).
8
Suppose -h - 5 = -6*h. Let c(y) be the second derivative of 13*y**5/60 + y**4/24 - 5*y**2/2 - 2*y. Let n(m) be the first derivative of c(m). Give n(h).
14
Let h(u) be the first derivative of -u**3/3 - 7*u**2 + 7*u - 395. Determine h(-11).
40
Let z(x) = x. Let g(j) = j**2 + 9*j + 3. Let w(y) = -g(y) + 6*z(y). Determine w(-6).
-21
Let u(k) = 18*k**3 + 2*k**2 - 2. Let n be u(-1). Let q be 3/18*-2*n - 0. Let i(h) = -h**2 + 7*h - 9. Give i(q).
-3
Let a = -427 + 425. Let r(g) = -4*g**2 + 2*g + 2. Give r(a).
-18
Let k = 22 - 18. Let r(b) = 3*b**2 - k*b**2 + 0*b - b + 4*b - 3. What is r(3)?
-3
Let o(k) = 16*k + 1. Let m(s) = -3*s + 1. Let i(f) = 11*m(f) + 2*o(f). Calculate i(-17).
30
Let z(w) = 3*w - 11. Let v(u) = 2*u - 9. Let c(g) = 4*v(g) - 3*z(g). Let k be (1/(-2))/(4/32) - -2. Determine c(k).
-1
Let b(j) = j**2 + 13*j - 6. Let r be 4 - 4*(-2 + (-39)/(-6)). Calculate b(r).
8
Let f(g) = -2*g - 10. Let h = -887 + 871. What is f(h)?
22
Let t(f) = 5*f. Suppose s = 2*v + 16, -4*s + v + 85 = -0*s. Let b be 21 - (0/2)/(-32 - -31). Let x = b - s. Determine t(x).
-5
Let l = -34 + 19. Let d = l - -16. Let c(k) = -3 + 1 + 2*k + 1 + 3*k**3. Determine c(d).
4
Let k(i) = -5*i**3 + 10*i**2 - 32*i - 8. Let p(r) = -2*r**3 + 3*r**2 - 11*r - 3. Let g(d) = -3*k(d) + 8*p(d). Suppose 20*l + 21 = 17*l. Give g(l).
-7
Let z be ((-2)/(-6))/(3/(-9)). Let x be (1/z + -2)*4/3. Let u(o) = -o**3 - 6*o**2 - 4*o + 1. Determine u(x).
-15
Let u(k) be the first derivative of k**4/4 + 7*k**3/3 + 3*k**2 - 4*k - 65. Determine u(-6).
-4
Let f(i) = -5*i - 9. Suppose -23*m + 10 = -25*m. Calculate f(m).
16
Let p = 1508 + -1505. Let s(d) = -d**3 + 7*d**2 - 2*d + 2. What is s(p)?
32
Let c be -1 - 4 - (-1 + -6). Let j(o) = 1 - o + c*o + 5*o - 2*o. Determine j(-1).
-3
Let t be 0/(1/(2/(-2))). Let p(s) = s + 58 - 57 - 2*s. Calculate p(t).
1
Let j(r) = r**2 - 9*r + 18. Let h be (-60)/(-160) - ((-405)/8)/9. Determine j(h).
0
Let h(o) = -o**3 + 7*o**2 - 9*o + 6. Let i(p) = 7*p - 7*p + 13 - p. Suppose 7*m + 7 = 8*m. Let l be i(m). What is h(l)?
-12
Let g(l) = l - 2. Let f be (72/(-5) - 0)/((-3)/20). Let q = -96 + f. Determine g(q).
-2
Let c = -64 + 80. Let g be c/10 + 24/60. Let p(y) = -2*y**2 + y + 1. What is p(g)?
-5
Let f be 126/27 + 2/(-3). Let x = -2 + f. Let j(q) = 0*q**2 + 79*q + 2 + 6*q**2 - 8*q**2 - 80*q. Give j(x).
-8
Suppose 1 = -t - 3. Let x be (2 + t)*(1 + -2). Let c(u) = -5*u - 3*u**x - u**3 + 0*u + 8*u + 2 - u. What is c(-2)?
-6
Let n(z) = z**3 - 11*z**2 + 9*z + 6. Let c be n(